91
In base 5, what is -3302 + 1232?
-2020
In base 7, what is 1 - -1065041?
1065042
In base 5, what is 110 - -1433?
2043
In base 16, what is 16 + 8c3?
8d9
In base 7, what is 2165316 + 5?
2165324
In base 13, what is 289c - -9?
28a8
In base 12, what is -1765a + 5?
-17655
In base 6, what is 14524 - -2?
14530
In base 14, what is -b + -4c?
-59
In base 4, what is 2301 - -31102?
100003
In base 6, what is -111 + 1153114?
1153003
In base 13, what is 48c100 - 1?
48c0cc
In base 8, what is 430216 + 2?
430220
In base 7, what is 1210 - -265?
1505
In base 13, what is 4777 + -1?
4776
In base 13, what is 47473 + 1?
47474
In base 12, what is 339a + -286?
3114
In base 4, what is 1302322322 - 1?
1302322321
In base 3, what is -10 + 20020200210?
20020200200
In base 4, what is 1011 + -10032?
-3021
In base 7, what is 20 - 26536?
-26516
In base 15, what is -21a06 - 4?
-21a0a
In base 12, what is 1816 - -330?
1b46
In base 5, what is 303403 + -1013?
302340
In base 9, what is 4 - 31367?
-31363
In base 10, what is 6 - 38941?
-38935
In base 14, what is -bab3 - 4?
-bab7
In base 4, what is -131 + -200111?
-200302
In base 4, what is 333203231 - -10?
333203301
In base 4, what is -1033310 - -2130?
-1031120
In base 7, what is 216411 - 16?
216362
In base 3, what is 2220222221101 - 11?
2220222221020
In base 2, what is -110000110111 + -1110110000?
-111111100111
In base 6, what is 20335512 + 3?
20335515
In base 11, what is -23 - 5474?
-5497
In base 14, what is -a4dda - 5?
-a5001
In base 14, what is 7983 - -5a?
79dd
In base 9, what is -421301 + 0?
-421301
In base 7, what is 453 + 42521?
43304
In base 3, what is -12 - -120000210101?
120000210012
In base 9, what is -3881 + -20?
-4011
In base 15, what is 20 - -22c3?
22e3
In base 12, what is 6901 - 4?
68b9
In base 4, what is -22222303 - 0?
-22222303
In base 15, what is -816 + a?
-80b
In base 3, what is -1100202222220 - -12?
-1100202222201
In base 16, what is 3ca - 11f?
2ab
In base 14, what is -123 + -68?
-18b
In base 9, what is -55 + -6414?
-6470
In base 8, what is -5 + -31447?
-31454
In base 13, what is -b240 + -27?
-b267
In base 10, what is -80 - -143?
63
In base 11, what is 47 - -1713?
175a
In base 3, what is 2 + 2202100210212?
2202100210221
In base 14, what is 17a2711 - 2?
17a270d
In base 14, what is 6 - d961?
-d959
In base 2, what is -110010010010101110100 - 1?
-110010010010101110101
In base 7, what is 64 - 23365?
-23301
In base 8, what is 11 - -307?
320
In base 13, what is 8621 + 54?
8675
In base 12, what is 1490 - -104?
1594
In base 4, what is 1101111 - 2?
1101103
In base 15, what is 78 - 5080?
-5007
In base 9, what is -101 - -26?
-64
In base 11, what is 6675 - 240?
6435
In base 11, what is 13 + 67a?
692
In base 11, what is 1 + 259531?
259532
In base 2, what is 10011000101000010011 + 11?
10011000101000010110
In base 7, what is -2322 - 112?
-2434
In base 5, what is -1 - -201113?
201112
In base 16, what is -75 - -b9?
44
In base 15, what is 69d + 53?
701
In base 15, what is aaa0 - -6?
aaa6
In base 12, what is -38308 - -7?
-38301
In base 16, what is 95a2 - 2e?
9574
In base 11, what is 34183 + -15?
34169
In base 14, what is 0 + 75b8?
75b8
In base 15, what is -3 + 26755?
26752
In base 7, what is -16 - 2334?
-2353
In base 14, what is 5 - 5739?
-5734
In base 8, what is -5 - 1310511?
-1310516
In base 13, what is 2a - -5ba9b?
5bac8
In base 9, what is -36 - -53106?
53060
In base 13, what is 3a0c + 2?
3a11
In base 14, what is -3 - 1791?
-1794
In base 13, what is 3 + -17876?
-17873
In base 15, what is -122 - -2?
-120
In base 16, what is 5e87 - 1?
5e86
In base 6, what is -343 - -2142?
1355
In base 10, what is 5 + 266935?
266940
In base 11, what is 38 - 2a?
9
In base 9, what is 5 - 241717?
-241712
In base 14, what is -248dd + 2?
-248db
In base 5, what is -113334 + -43?
-113432
In base 14, what is -15698 - -4c?
-1564a
In base 14, what is 8 - -16d2?
16da
In base 13, what is -69c62 - -3?
-69c5c
In base 15, what is 20 + -858?
-838
In base 14, what is 369d9 - 3?
369d6
In base 6, what is 2041 + -102?
1535
In base 4, what is 1 + -202033331?
-202033330
In base 15, what is -be + 45ab?
44dc
In base 13, what is 265c + 7?
2666
In base 12, what is 1184aa + 13?
118501
In base 5, what is -233 + -34343?
-40131
In base 4, what is -20 - -1100103?
1100023
In base 4, what is 1 - 331010110?
-331010103
In base 8, what is -3467571 + 5?
-3467564
In base 5, what is -2320301314 - 3?
-2320301322
In base 11, what is -3 - 285?
-288
In base 15, what is -50c8 - 53?
-512b
In base 13, what is 7c38 - -21?
7c59
In base 6, what is -113 + -144115?
-144232
In base 9, what is -4566 + 1?
-4565
In base 3, what is 2 + -200022221?
-200022212
In base 13, what is -55621 - 3?
-55624
In base 4, what is 11001122010 - -1?
11001122011
In base 11, what is 32 + 33055?
33087
In base 3, what is -1211210222 - -12?
-1211210210
In base 7, what is -26 + -33021?
-33050
In base 8, what is -5551221 + -1?
-5551222
In base 11, what is -227 + 17a1?
1575
In base 7, what is -13 + 11526?
11513
In base 16, what is -2e80 + 1?
-2e7f
In base 10, what is -1105895 - 2?
-1105897
In base 16, what is -5 - -db3fe?
db3f9
In base 11, what is 1 - -37321?
37322
In base 6, what is 240 - 3?
233
In base 10, what is -104 - -205?
101
In base 4, what is 1 + 20313010?
20313011
In base 10, what is -1276720 - 0?
-1276720
In base 7, what is 6 - -340433?
340442
In base 16, what is b41 + -11?
b30
In base 3, what is -12 - -2212210111?
2212210022
In base 15, what is 117 + e7?
20e
In base 12, what is -1038b3 - 5?
-1038b8
In base 9, what is 11 - 5230?
-5218
In base 4, what is 0 + 331011221?
331011221
In base 3, what is 1220011 - -100?
1220111
In base 2, what is 1111001110 + 100000?
1111101110
In base 6, what is -2 - -2212023?
2212021
In base 11, what is -2 + -1a421?
-1a423
In base 13, what is -a53b9 - 2?
-a53bb
In base 13, what is 5 - bb027?
-bb022
In base 4, what is -3101213 + 301?
-3100312
In base 15, what is -6 + -a05b?
-a062
In base 16, what is -22 + -2e9b?
-2ebd
In base 7, what is 16 + -562?
-543
In base 4, what is -31223 - 2003?
-33232
In base 13, what is 5166 - -7?
5170
In base 13, what is -338 + -2b?
-366
In base 9, what is 26 - 16182?
-16155
In base 12, what is -3a460 + 16?
-3a446
In base 8, what is -5 - 1042575?
-1042602
In base 6, what is 22 - -54341?
54403
In base 3, what is -2110 + -200020010?
-200022120
In base 12, what is -ab3 - 2381?
-3274
In base 11, what is 5 - -901949?
901953
In base 13, what is -425 - 1?
-426
In base 11, what is 151301 - -2?
151303
In base 4, what is -3230 - -113233?
110003
In base 6, what is 5451553 - -2?
5451555
In base 5, what is 0 - -132400214?
132400214
In base 9, what is -116 - -88?
-17
In base 3, what is -1001 - -1100210000?
1100201222
In base 15, what is ca4 - -82?
d36
In base 14, what is 3 + 5804?
5807
In base 12, what is -415022 + 1?
-415021
In base 6, what is 3243 + -3?
3240
In base 15, what is -5 + -386bb?
-386c1
In base 5, what is 304430 + -342?
304033
In base 8, what is -2 - -3556?
3554
In base 12, what is -25 - 290?
-2b5
In base 11, what is -89 + 176?
98
In base 7, what is -6041 - -200?
-5541
In base 9, what is -255 + -461?
-726
In base 6, what is -2554531 + -10?
-2554541
In base 7, what is 3234 + -46?
3155
In base 5, what is 104223233 - 4?
104223224
In base 4, what is 111 - -3133101?
3133212
In base 16, what is 9c + 3b?
d7
In base 7, what is 21623 - 14?
21606
In base 2, what is -10111110111011001 + 0?
-10111110111011001
In base 14, what is -797b - 12?
-798d
In base 13, what is 12 - -342a?
343c
In base 6, what is 4 - 121220?
-121212
In base 8, what is 103 + -375?
-272
In base 15, what is -268c + 3?
-2689
In base 13, what is -5399 + 36?
-5363
In base 11, what is -199 - -1028?
93a
In base 11, what is 251 - -6a9?
94a
In base 10, what is -3049 + -298?
-3347
In base 4, what is -233330 - 10230?
-310220
In base 2, what is -10001101001000011101 + 0?
-10001101001000011101
In base 8, what is 1 + -6157?
-6156
In base 8, what is 37171 - 1?
37170
In base 14, what is 2cc7c - 4d?
2cc2d
In base 9, what is 1 - -10330?
10331
In base 7, what is 4 - -63150?
63154
In base 6, what is 34 + 144014?
144052
In base 6, what is -23345 + -5214?
-33003
In base 9, what is 85184 + 22?
85216
In base 6, what is 1200101 - -4?
1200105
In base 6, what is 3 + 20301022?
20301025
In base 15, what is -240 - 23a?
-47a
In base 1